12011 - 10102112?
-10221200
In base 8, what is -5 + 1662?
1655
In base 11, what is -5 - -3530?
3526
In base 14, what is -2 + -c0904?
-c0906
In base 2, what is 101 + -11111001110011111?
-11111001110011010
In base 2, what is 111011 - 10001100001101?
-10001011010010
In base 12, what is 6aa5 + -29?
6a78
In base 9, what is -1263 - 1003?
-2266
In base 2, what is -100110011100000 + 10?
-100110011011110
In base 13, what is 5b93 + 77?
5c3a
In base 7, what is 103336 - 12?
103324
In base 13, what is 1 - -2354c?
23550
In base 7, what is 154 + 201?
355
In base 16, what is -571 - d?
-57e
In base 14, what is -2a - -3a30?
3a04
In base 5, what is -130111241 - -3?
-130111233
In base 12, what is -119 - 337?
-454
In base 14, what is -73 - -14?
-5d
In base 15, what is 2 - 109be5?
-109be3
In base 13, what is 39b - 2b2?
b9
In base 11, what is -253 - 225a?
-2502
In base 2, what is -110000 + -1100001100?
-1100111100
In base 2, what is 100101101101010 - -1001?
100101101110011
In base 16, what is -1 - 1d03?
-1d04
In base 15, what is -e + 433b?
432c
In base 3, what is 2122120 - -110000?
10002120
In base 5, what is 31220042 + -13?
31220024
In base 13, what is 2c + -977?
-948
In base 9, what is 171547 + 0?
171547
In base 10, what is -6529 - -123?
-6406
In base 5, what is -110232022 + 10?
-110232012
In base 5, what is -34300010 + -10?
-34300020
In base 7, what is 1206 - 214?
662
In base 8, what is 50 + 5021?
5071
In base 9, what is -25 - 5485?
-5521
In base 12, what is -1489 - 67?
-1534
In base 16, what is -64 - -7a?
16
In base 16, what is 34c7 + -3e?
3489
In base 11, what is -22 - -1714?
16a2
In base 15, what is 146e + -2?
146c
In base 12, what is 21 - -49a3?
4a04
In base 16, what is -13e9 + -c0?
-14a9
In base 2, what is -100110010011 - -1001?
-100110001010
In base 5, what is -3 + 2102012?
2102004
In base 9, what is 0 - 13050?
-13050
In base 6, what is 124 + 2200002?
2200130
In base 11, what is 260 - 7a8?
-548
In base 2, what is -10110101 + 10010001?
-100100
In base 14, what is -4b3 - 1b3?
-686
In base 15, what is -110037 - -4?
-110033
In base 4, what is -2 + -222100?
-222102
In base 3, what is 101112210 - 11?
101112122
In base 7, what is -1216 + -104?
-1323
In base 4, what is -3121 - 12310?
-22031
In base 16, what is 5 - -93009?
9300e
In base 10, what is 3 + -255812?
-255809
In base 9, what is 63 + 888?
1062
In base 10, what is -391867 + -6?
-391873
In base 16, what is -5 + -87797?
-8779c
In base 11, what is -23 - 3634?
-3657
In base 3, what is 1 - 10021110201?
-10021110200
In base 10, what is 8 - -114487?
114495
In base 10, what is -346 + 5?
-341
In base 14, what is 25 + -b92?
-b6b
In base 12, what is -11 + -b74?
-b85
In base 3, what is 10112000201 - 121?
10112000010
In base 14, what is a44 - -1?
a45
In base 12, what is 30b1 - 1138?
1b75
In base 15, what is -4c - 53?
-a0
In base 10, what is -480525 + -3?
-480528
In base 5, what is -1033301 - 42?
-1033343
In base 13, what is 8 - -1212a?
12135
In base 10, what is 3910 + 556?
4466
In base 7, what is -2163 + 2?
-2161
In base 7, what is -1224450 + 0?
-1224450
In base 16, what is 242 + 24c?
48e
In base 4, what is -20101312 - -21?
-20101231
In base 6, what is 34134 - 10?
34124
In base 12, what is -6891 + 2a3?
-65aa
In base 4, what is 11 - 231103300?
-231103223
In base 3, what is -12 + -12210221012?
-12210221101
In base 8, what is -2 - 405273?
-405275
In base 12, what is -6785 + 6?
-677b
In base 14, what is 7 - 46bb8?
-46bb1
In base 5, what is 24 - 44233?
-44204
In base 4, what is 1010203330 - -3?
1010203333
In base 15, what is d68c2 + 5?
d68c7
In base 9, what is -14388 - -43?
-14345
In base 15, what is -111 + -62?
-173
In base 13, what is -166488 - a?
-166495
In base 16, what is 4 - -31969?
3196d
In base 14, what is 570 - cb?
483
In base 12, what is -1 + -113b0?
-113b1
In base 13, what is 76 + -65?
11
In base 7, what is 5624 - 56?
5535
In base 10, what is -27 + -1961?
-1988
In base 8, what is -14 - 406040?
-406054
In base 16, what is 0 - 3cc7?
-3cc7
In base 7, what is 5013641 + 3?
5013644
In base 11, what is -46458 + -1?
-46459
In base 16, what is 3be + -1ce?
1f0
In base 14, what is -3a2 - 7?
-3a9
In base 12, what is -4 + -1056b?
-10573
In base 10, what is -2 + 5879?
5877
In base 3, what is -110221200 - 10100?
-111002000
In base 5, what is 304200 + 11?
304211
In base 12, what is -12 - 3052?
-3064
In base 4, what is 113 + -1212100?
-1211321
In base 4, what is -3 - 10033131220?
-10033131223
In base 14, what is -4c9350 - -1?
-4c934d
In base 8, what is 47130 + 5?
47135
In base 12, what is 10 + 60371?
60381
In base 14, what is 5 + -15633?
-1562c
In base 14, what is 75 + db?
172
In base 8, what is -3 + -3471?
-3474
In base 5, what is 111423402 + 10?
111423412
In base 8, what is -1412 + 1567?
155
In base 13, what is -5 + 5ca13?
5ca0b
In base 5, what is -3011 + 100?
-2411
In base 4, what is -3 + 11032023?
11032020
In base 13, what is -3 - -4167?
4164
In base 16, what is -13b7c0 + -2?
-13b7c2
In base 6, what is -40 + 22541?
22501
In base 6, what is -20003 - 34?
-20041
In base 6, what is -5045115 + 5?
-5045110
In base 6, what is -3144251 - -2?
-3144245
In base 7, what is -141564 - 2?
-141566
In base 10, what is 5 + -867?
-862
In base 7, what is -103 - -13451?
13345
In base 13, what is 47 + -3b7a?
-3b33
In base 13, what is -2a7792 - 0?
-2a7792
In base 6, what is 414340432 - 5?
414340423
In base 8, what is -5 + 751423?
751416
In base 10, what is -13590 - 22?
-13612
In base 15, what is 3697 + 33?
36ca
In base 7, what is 3 + 116626?
116632
In base 7, what is -541145 - 0?
-541145
In base 12, what is 82a9 - -11?
82ba
In base 7, what is 1044331 + 5?
1044336
In base 16, what is 16 + -1d9cc?
-1d9b6
In base 10, what is -27 - -419?
392
In base 4, what is -100212002 + -10?
-100212012
In base 13, what is 4 - 763aa?
-763a6
In base 6, what is 15 + 12024?
12043
In base 6, what is -35 + -124420?
-124455
In base 9, what is -368520 - -2?
-368517
In base 11, what is 163554 - a?
163545
In base 2, what is 1000011101101 - 11010?
1000011010011
In base 4, what is 331331202 + 10?
331331212
In base 10, what is -5489 - 64?
-5553
In base 11, what is -2167 + -23?
-218a
In base 11, what is -14 + -991?
-9a5
In base 10, what is 5678 + -94?
5584
In base 14, what is -20a0c + -4?
-20a12
In base 12, what is -32379 + 5?
-32374
In base 15, what is 5 + -9d0b?
-9d06
In base 14, what is -232 - -42?
-1d0
In base 7, what is 2 - -134653?
134655
In base 6, what is -420215 - 145?
-420404
In base 5, what is -4414234 + -33?
-4414322
In base 8, what is 30 + 33423?
33453
In base 9, what is -482 - -864?
372
In base 12, what is a - 481b?
-4811
In base 10, what is -1 + 123212?
123211
In base 12, what is -10a + -2907?
-2a15
In base 6, what is -1222 - -1354?
132
In base 4, what is 223 + 100011?
100300
In base 11, what is 2 + 849554?
849556
In base 11, what is 4 + 618a2?
618a6
In base 12, what is 1421 + -48?
1395
In base 6, what is 5 - 31115?
-31110
In base 6, what is 0 + 230355?
230355
In base 2, what is -10101001 - -1000011001?
101110000
In base 16, what is 232c6 - -4?
232ca
In base 14, what is 29 - 1a99?
-1a70
In base 5, what is -4 - 13332?
-13341
In base 11, what is 983589 + 2?
983590
In base 12, what is -4 - -4673?
466b
In base 13, what is -1834 + 1?
-1833
In base 15, what is 55 - 35b6?
-3561
In base 5, what is 4224 + -130?
4044
In base 2, what is -110111111 - -1001000111?
10001000
In base 8, what is 3 + -2036042?
-2036037
In base 4, what is -3 - 31010033?
-31010102
In base 14, what is -57cb - -ac?
-571d
In base 12, what is 1 - -1837?
1838
In base 4, what is 2023221 + -3?
2023212
In base 8, what is -31316 - 1031?
-32347
In base 12, what is 7 + -2086a6?
-20869b
In base 6, what is -4255314 + 5?
-4255305
In base 4, what is -2 - -32333033?
32333031
In base 8, what is -745 - 6530?
-7475
In base 2, what is 1001000100 - 111110100011?
-110101011111
In base 5, what is -3020101 + -34?
-3020140
In base 9, what is 12 + 22640?
22652
In base 5, what is -43 + -10224?
-10322
In base 15, what is -4 + -9ce5?
-9ce9
In base 7, what is 3 + -340264?
-340261
In base 7, what is -3 + -5055653?
-5055656
In base 14, what is -1 + -c20?
-c21
In base 12, what is -8 + 125a1?
12595
In base 16, what is -1 - -3d4c?
3d4b
In base 13, what is -5 - 88?
-90
In base 5, what is 32302032 - 4?
32302023
In base 13, what is -5 